e 21240?
True
Does 98 divide 4235?
False
Is 26 a factor of 2080?
True
Is 938 a multiple of 10?
False
Does 47 divide 131?
False
Is 149 a factor of 14900?
True
Does 14 divide 742?
True
Is 9 a factor of 42264?
True
Is 72 a factor of 12314?
False
Does 4 divide 59?
False
Is 6 a factor of 1041?
False
Does 5 divide 670?
True
Is 32215 a multiple of 137?
False
Does 6 divide 3074?
False
Is 7724 a multiple of 2?
True
Is 18354 a multiple of 161?
True
Does 14 divide 4077?
False
Does 4 divide 202?
False
Does 19 divide 836?
True
Is 2016 a multiple of 9?
True
Is 1505 a multiple of 7?
True
Is 528 a multiple of 16?
True
Does 79 divide 24095?
True
Does 20 divide 4500?
True
Does 22 divide 129360?
True
Does 37 divide 1730?
False
Is 207 a factor of 35302?
False
Is 23 a factor of 11960?
True
Does 9 divide 135?
True
Does 13 divide 494?
True
Is 76 a factor of 8155?
False
Is 50 a factor of 3150?
True
Is 5150 a multiple of 50?
True
Is 6 a factor of 252?
True
Is 2 a factor of 1541?
False
Is 969 a multiple of 53?
False
Is 14 a factor of 3276?
True
Is 53 a multiple of 14?
False
Is 250 a factor of 12853?
False
Is 13621 a multiple of 33?
False
Does 56 divide 18349?
False
Is 3173 a multiple of 53?
False
Is 40 a factor of 1040?
True
Does 85 divide 680?
True
Does 43 divide 2778?
False
Is 25 a factor of 52195?
False
Is 4 a factor of 373?
False
Does 111 divide 13590?
False
Does 15 divide 690?
True
Is 4928 a multiple of 14?
True
Is 11 a factor of 1573?
True
Is 15042 a multiple of 46?
True
Is 288 a multiple of 12?
True
Does 13 divide 3939?
True
Is 27 a multiple of 2?
False
Does 10 divide 9040?
True
Is 472 a multiple of 13?
False
Is 7472 a multiple of 8?
True
Does 5 divide 405?
True
Is 80 a factor of 3127?
False
Does 68 divide 612?
True
Is 13824 a multiple of 32?
True
Is 508 a multiple of 29?
False
Does 14 divide 297?
False
Is 927 a multiple of 51?
False
Does 262 divide 31178?
True
Does 13 divide 5109?
True
Is 21580 a multiple of 83?
True
Is 16218 a multiple of 46?
False
Is 5069 a multiple of 37?
True
Is 2037 a multiple of 4?
False
Is 1391 a multiple of 13?
True
Is 69676 a multiple of 311?
False
Is 3704 a multiple of 130?
False
Is 27 a factor of 101709?
True
Is 85 a factor of 8500?
True
Does 39 divide 85629?
False
Does 68 divide 13736?
True
Is 4 a factor of 60?
True
Is 152 a factor of 12086?
False
Is 24210 a multiple of 29?
False
Is 286 a multiple of 6?
False
Does 45 divide 2655?
True
Is 99 a factor of 8613?
True
Does 96 divide 9984?
True
Is 8928 a multiple of 24?
True
Does 2 divide 79?
False
Does 118 divide 6018?
True
Is 76 a factor of 726?
False
Is 686 a multiple of 9?
False
Is 15 a factor of 114?
False
Is 11978 a multiple of 14?
False
Does 92 divide 34820?
False
Is 62 a factor of 1364?
True
Is 7 a factor of 4585?
True
Does 13 divide 28834?
True
Is 15583 a multiple of 11?
False
Does 4 divide 107?
False
Is 50580 a multiple of 12?
True
Is 110 a factor of 1210?
True
Is 232 a factor of 101366?
False
Does 110 divide 6290?
False
Is 210 a multiple of 10?
True
Is 168893 a multiple of 11?
False
Does 4 divide 473?
False
Is 19010 a multiple of 10?
True
Is 26784 a multiple of 279?
True
Does 10 divide 350?
True
Is 15328 a multiple of 32?
True
Is 23 a factor of 1702?
True
Does 158 divide 10744?
True
Does 8 divide 40?
True
Is 43 a factor of 1290?
True
Is 8 a factor of 1536?
True
Is 2547 a multiple of 7?
False
Does 8 divide 286?
False
Is 37 a factor of 1073?
True
Does 10 divide 55?
False
Is 120 a multiple of 16?
False
Is 83496 a multiple of 28?
True
Is 78764 a multiple of 29?
True
Does 24 divide 672?
True
Is 37 a factor of 444?
True
Does 24 divide 4399?
False
Does 35 divide 28961?
False
Does 8 divide 121?
False
Is 25004 a multiple of 47?
True
Is 25104 a multiple of 12?
True
Does 14 divide 1722?
True
Is 150 a factor of 3600?
True
Is 215 a factor of 34928?
False
Is 5 a factor of 1330?
True
Is 1732 a multiple of 8?
False
Does 91 divide 4914?
True
Is 4 a factor of 51444?
True
Is 37 a factor of 1703?
False
Does 50 divide 750?
True
Is 4000 a multiple of 32?
True
Is 2672 a multiple of 20?
False
Does 26 divide 41280?
False
Does 8 divide 4680?
True
Is 220 a multiple of 22?
True
Is 101 a factor of 78073?
True
Does 52 divide 3496?
False
Does 66 divide 1716?
True
Is 30 a factor of 71220?
True
Does 32 divide 518?
False
Does 99 divide 23243?
False
Does 216 divide 47952?
True
Is 37 a factor of 444?
True
Is 1109 a multiple of 19?
False
Is 24 a factor of 63964?
False
Is 284 a multiple of 14?
False
Is 1890 a multiple of 21?
True
Does 22 divide 198?
True
Does 106 divide 7314?
True
Is 6 a factor of 26042?
False
Does 29 divide 2837?
False
Does 40 divide 1040?
True
Is 23455 a multiple of 37?
False
Is 14 a factor of 20860?
True
Is 2478 a multiple of 10?
False
Does 17 divide 578?
True
Is 7945 a multiple of 14?
False
Is 5 a factor of 6412?
False
Does 30 divide 261?
False
Does 71 divide 9301?
True
Is 58218 a multiple of 93?
True
Is 2080 a multiple of 40?
True
Is 259 a multiple of 37?
True
Does 43 divide 2107?
True
Does 18 divide 4032?
True
Is 48 a factor of 336?
True
Is 3094 a multiple of 9?
False
Is 19248 a multiple of 128?
False
Is 3358 a multiple of 6?
False
Is 61102 a multiple of 9?
False
Does 66 divide 65538?
True
Does 8 divide 1097?
False
Is 8 a factor of 789?
False
Is 152 a factor of 77574?
False
Does 10 divide 1057?
False
Is 810 a multiple of 19?
False
Is 20 a factor of 35541?
False
Is 265 a multiple of 81?
False
Does 11 divide 34452?
True
Is 95 a factor of 1045?
True
Is 2337 a multiple of 57?
True
Is 6 a factor of 114?
True
Does 42 divide 1806?
True
Is 386 a multiple of 2?
True
Does 11 divide 11000?
True
Does 45 divide 4391?
False
Is 1771 a multiple of 77?
True
Is 67 a factor of 83636?
False
Is 100 a factor of 1208?
False
Does 95 divide 4109?
False
Does 120 divide 2640?
True
Is 13 a factor of 1112?
False
Is 37 a factor of 750?
False
Does 38 divide 453?
False
Is 675 a multiple of 6?
False
Is 365 a multiple of 3?
False
Is 20 a factor of 2909?
False
Is 23 a factor of 4679?
False
Does 38 divide 1634?
True
Is 15 a factor of 67740?
True
Does 24 divide 7536?
True
Is 42 a factor of 1570?
False
Is 57 a factor of 1143?
False
Is 5 a factor of 368?
False
Does 135 divide 4053?
False
Is 2 a factor of 40?
True
Is 5 a factor of 410?
True
Does 53 divide 1492?
False
Is 2146 a multiple of 58?
True
Does 54 divide 13249?
False
Is 9 a factor of 758?
False
Does 118 divide 41472?
False
Is 31 a factor of 14628?
False
Does 6 divide 348?
True
Is 4348 a multiple of 38?
False
Does 125 divide 750?
True
Is 350 even?
True
Is 19 a factor of 21986?
False
Does 4 divide 955?
False
Is 24 a factor of 16032?
True
Does 32 divide 3166?
False
Is 17 a factor of 391?
True
Does 5 divide 1605?
True
Does 11 divide 429?
True
Is 3175 a multiple of 3?
False
Is 9 a factor of 2268?
True
Does 15 divide 1166?
False
Is 29 a factor of 1102?
True
Is 14524 a multiple of 87?
False
Is 11 a factor of 275?
True
Is 15 a factor of 8487?
False
Is 22 a factor of 9526?
True
Is 445 a multiple of 2?
False
Is 87096 a multiple of 228?
True
Is 65 a factor of 650?
True
Is 5 a factor of 31057?
False
Is 369 a multiple of 14?
False
Does 69 divide 8512?
False
Is 16983 a multiple of 333?
True
Is 837 a multiple of 5?
False
Does 11 divide 78864?
False
Does 35 divide 6790?
True
Is 125 a factor of 3351?
False
Is 3052 a multiple of 14?
True
Is 754 a multiple of 3?
False
Is 5 a factor of 1005?
True
Is 7 a factor of 2709?
True
Is 836 a multiple of 73?
False
Is 1159 a multiple of 55?
False
Does 17 divide 135?
False
Is 616 a multiple of 15?
False
Does 11 divide 13685?
False
Does 3 divide 93?
True
Is 75611 a multiple of 130?
False
Is 10428 a multiple of 8?
False
Is 32 a factor of 845?
False
Is 98 a factor of 2744?
True
Is 4329 a multiple of 2?
False
Is 370 a multiple of 37?
True
Is 2064 a multiple of 86?
True
Is 13037 a multiple of 38?
False
Is 4 a factor of 716?
True
Does 12 divide 3090?
False
Does 40 divide 3765?
False
Does 31 divide 1822?
False
Does 18 divide 8046?
True
Is 14 a factor of 1458?
False
Does 45 divide 315?
True
Does 11 divide 2345?
False
Is 57 a multiple of 3?
True
Does 12 divide 348?
True
Does 32 divide 2592?
True
Is 16 a factor of 574?
False
Does 62 divide 248?
True
Is 95650 a multiple of 401?
False
Is 9 a factor of 6021?
True
Does 13 divide 3601?
True
Does 11 divide 35101?
Tr